4?
122
Calculate the highest common factor of 10647 and 3192.
21
Calculate the highest common divisor of 15345 and 5301.
279
What is the highest common factor of 16105 and 10?
5
What is the greatest common divisor of 160 and 1868?
4
Calculate the highest common divisor of 141469 and 579.
193
Calculate the greatest common factor of 1910 and 6090.
10
Calculate the greatest common divisor of 56220 and 438.
6
Calculate the highest common divisor of 7085 and 26.
13
Calculate the highest common factor of 62169 and 2323.
23
Calculate the greatest common divisor of 568 and 10082.
142
Calculate the greatest common factor of 402 and 732310.
134
What is the greatest common factor of 125 and 17600?
25
Calculate the highest common factor of 38 and 120308.
38
Calculate the greatest common factor of 26 and 8850.
2
Calculate the greatest common divisor of 527 and 187271.
31
What is the greatest common factor of 434 and 417074?
434
What is the greatest common factor of 418810 and 5642?
434
What is the greatest common factor of 473 and 803?
11
Calculate the highest common factor of 195 and 5141.
1
What is the highest common divisor of 523237 and 55?
11
What is the highest common factor of 10 and 7890?
10
What is the greatest common factor of 312822 and 7938?
162
Calculate the greatest common factor of 8 and 6077920.
8
What is the highest common divisor of 525 and 19320?
105
What is the greatest common factor of 5423160 and 240?
120
What is the highest common divisor of 730 and 2420?
10
What is the highest common factor of 33982 and 78?
26
What is the highest common factor of 11632 and 4?
4
Calculate the greatest common divisor of 7868 and 28.
28
What is the highest common divisor of 10 and 2763055?
5
Calculate the greatest common divisor of 183903 and 1947.
177
Calculate the greatest common factor of 3888 and 148311.
81
Calculate the greatest common divisor of 84540 and 140.
20
Calculate the greatest common divisor of 8022 and 222.
6
Calculate the highest common divisor of 5605 and 760.
95
What is the greatest common divisor of 62345 and 259?
37
Calculate the greatest common factor of 7716 and 148.
4
Calculate the highest common factor of 5289790 and 1045.
1045
What is the highest common divisor of 72 and 22?
2
What is the highest common factor of 20 and 41410?
10
Calculate the greatest common divisor of 240056 and 370.
74
What is the greatest common factor of 6210 and 1269?
27
Calculate the greatest common factor of 42289 and 260.
13
What is the highest common divisor of 79840 and 340?
20
Calculate the highest common divisor of 20 and 198620.
20
Calculate the highest common divisor of 12495 and 8007.
51
What is the greatest common factor of 768 and 1101?
3
Calculate the highest common divisor of 122256 and 8.
8
What is the highest common factor of 52654 and 56?
14
Calculate the greatest common divisor of 81 and 44334.
27
Calculate the highest common factor of 23638 and 212.
106
What is the greatest common factor of 1134568 and 2072?
296
What is the greatest common factor of 48 and 996504?
24
What is the greatest common factor of 452 and 186224?
452
Calculate the greatest common divisor of 992 and 2201.
31
Calculate the greatest common factor of 1614988 and 4626.
514
Calculate the highest common factor of 171 and 7461.
9
Calculate the greatest common factor of 1524 and 158877.
381
Calculate the greatest common divisor of 806 and 50661.
13
Calculate the greatest common divisor of 497 and 453832.
71
What is the highest common factor of 1040 and 11264?
16
What is the greatest common factor of 37506 and 13254?
282
What is the highest common divisor of 5985 and 609?
21
What is the highest common divisor of 33212 and 684?
76
Calculate the highest common divisor of 5450 and 3488.
218
Calculate the greatest common divisor of 706189 and 77.
11
Calculate the highest common divisor of 29420 and 80.
20
What is the highest common divisor of 2 and 5776?
2
Calculate the greatest common factor of 18609 and 3.
3
Calculate the highest common divisor of 13334 and 1469.
113
What is the highest common divisor of 24046 and 1254?
22
What is the highest common factor of 315 and 148995?
315
What is the greatest common divisor of 24 and 86880?
24
What is the greatest common divisor of 2644 and 159301?
661
Calculate the greatest common divisor of 36349 and 326.
163
Calculate the highest common divisor of 1720 and 15910.
430
Calculate the greatest common divisor of 73940 and 28.
4
Calculate the highest common divisor of 1037 and 25106807.
1037
What is the highest common divisor of 90941 and 1055?
211
Calculate the greatest common factor of 255 and 5445.
15
Calculate the highest common factor of 405 and 8145.
45
What is the highest common factor of 341208 and 3?
3
What is the highest common divisor of 1383 and 8479173?
1383
What is the greatest common factor of 4560 and 2352?
48
Calculate the highest common factor of 3474601 and 26.
13
Calculate the greatest common divisor of 154515 and 1185.
15
What is the greatest common factor of 378 and 482346?
18
Calculate the greatest common factor of 5860 and 1660.
20
What is the highest common divisor of 827944 and 323?
19
What is the highest common divisor of 8897 and 589?
31
Calculate the greatest common divisor of 775 and 127565.
155
What is the highest common factor of 3341 and 20293?
13
What is the highest common factor of 277685 and 190?
95
What is the greatest common factor of 8085 and 19257?
147
What is the highest common divisor of 9180 and 12920?
340
Calculate the greatest common divisor of 144 and 486.
18
What is the greatest common factor of 10264 and 5840?
8
Calculate the highest common factor of 177075 and 900.
225
Calculate the greatest common divisor of 332138 and 1136.
142
What is the highest common factor of 1452 and 9714?
6
What is the greatest common divisor of 137083 and 6031?
163
What is the highest common divisor of 404519 and 31?
31
Calculate the greatest common factor of 207 and 15456.
69
What is the greatest common divisor of 9 and 959184?
9
Calculate the greatest common divisor of 9590 and 4326.
14
Calculate the greatest common divisor of 80 and 258824.
8
What is the greatest common divisor of 38 and 494171?
19
What is the highest common divisor of 2464 and 19404?
308
What is the highest common factor of 84 and 16940?
28
Calculate the greatest common factor of 26550 and 13150.
50
What is the highest common divisor of 640 and 16480?
160
What is the greatest common factor of 691185 and 165?
165
What is the highest common factor of 2082813 and 3?
3
What is the greatest common factor of 1638 and 27144?
234
What is the highest common divisor of 37316 and 152?
76
Calculate the greatest common factor of 708 and 14396.
236
Calculate the greatest common factor of 31416 and 462077.
1309
Calculate the highest common factor of 25280 and 5120.
320
Calculate the highest common factor of 51816 and 2176.
136
What is the highest common factor of 781 and 35642?
71
What is the greatest common divisor of 12028 and 176152?
388
What is the greatest common factor of 324 and 22437?
81
Calculate the greatest common factor of 1960 and 185.
5
Calculate the highest common divisor of 577595 and 698.
349
Calculate the highest common divisor of 15625 and 1000.
125
What is the highest common divisor of 117 and 4545684?
117
What is the greatest common divisor of 1072 and 1342144?
1072
What is the highest common factor of 3706 and 127312?
218
What is the greatest common divisor of 4708 and 2596?
44
Calculate the highest common factor of 45506 and 610.
122
Calculate the highest common factor of 4085 and 15865.
95
What is the greatest common factor of 314949 and 3411?
1137
What is the highest common divisor of 38150 and 280?
70
What is the greatest common factor of 283896 and 1080?
72
What is the greatest common factor of 1016 and 245999?
127
What is the greatest common divisor of 133 and 13756?
19
Calculate the highest common factor of 245282 and 290.
58
What is the greatest common factor of 470 and 2627065?
235
What is the greatest common factor of 851 and 357765?
23
Calculate the greatest common divisor of 104 and 142727.
13
What is the greatest common factor of 63675 and 300?
75
What is the highest common divisor of 25 and 3892850?
25
Calculate the